{"id":2,"date":"2016-05-10T03:48:21","date_gmt":"2016-05-10T03:48:21","guid":{"rendered":"http:\/\/wp452m.a10-52-158-154.qa.plesk.ru\/wordpress\/?page_id=2"},"modified":"2020-02-12T08:25:44","modified_gmt":"2020-02-12T08:25:44","slug":"sample-page","status":"publish","type":"page","link":"http:\/\/nsrk.dk\/","title":{"rendered":"Forside"},"content":{"rendered":"<h2 style=\"text-align: center;\"><span style=\"color: #2b754f;\"><strong>Velkommen til Nyskovens Sportsrideklub<\/strong><\/span><\/h2>\n<p class=\"p1\"><span class=\"s1\"><div class='content-column one_third'>\u00a0<\/span><strong>Hvem er NSRK?<br \/>\n<\/strong><span class=\"s1\">Nyskovens Sportsrideklub, er startet i 1987 og danner rammerne for hyggelige og optimale omgivelser, der giver plads til enhver rytter og hest i alle aldre og niveauer.<\/span><\/p>\n<p class=\"p1\"><span class=\"s1\">NSRK er en rideklub under Dansk Rideforbund med et ca. 100 medlemmer. Klubbens medlemmer er en blanding af ryttere p\u00e5 forskellige niveauer og med forskellige interesser. Hvad end man er til dressur spring, games eller en en skridttur, s\u00e5 giver stedet faciliteter plads til, at v\u00e6re den rytter du er.<br \/>\n<\/span><span class=\"s1\">NSRK holder til p\u00e5 Havdrup Ridecenter som ejes og drives Karina og Gert jensen.<\/span><\/p>\n<p class=\"p1\"><span class=\"s1\"><img loading=\"lazy\" decoding=\"async\" class=\"alignnone wp-image-31 img-responsive aligncenter\" src=\"https:\/\/nsrk.dk\/wp-content\/uploads\/2017\/03\/314183_102286386593305_759585233_n-227x300.jpg\" alt=\"\" width=\"99\" height=\"131\" srcset=\"http:\/\/nsrk.dk\/wp-content\/uploads\/2017\/03\/314183_102286386593305_759585233_n-227x300.jpg 227w, http:\/\/nsrk.dk\/wp-content\/uploads\/2017\/03\/314183_102286386593305_759585233_n.jpg 398w\" sizes=\"(max-width: 99px) 100vw, 99px\" \/><\/span><span class=\"s1\"><\/div><\/span><\/p>\n<div class='content-column one_third'><strong>Hvad f\u00e5r du som medlem?<br \/>\n<\/strong><span class=\"s1\">For at kunne\u00a0benytte ridehuse, udend\u00f8rs baner og rytterstue, er der indg\u00e5et aftale mellem NSRK og Karina og Gert Jensen om, at alle brugere af disse faciliteter skal v\u00e6re medlem af klubben.<\/span><\/p>\n<p class=\"p1\"><span class=\"s1\">Udover denne aftale, giver medlemsskabet ogs\u00e5 mulighed for deltage i vores egne og andre klubbers st\u00e6vner. Ligeledes giver det mulighed for, at deltage i sociale arrangementer arrangeret af klubben, s\u00e5som \u00a0fastelavnsfest og 5 kamp.<br \/>\n<\/span><span style=\"color: #ffffff;\">.<\/span><\/p>\n<p class=\"p1\"><span style=\"color: #ffffff;\">.<\/span><span style=\"color: #ffffff;\">;<\/span><\/p>\n<p><img loading=\"lazy\" decoding=\"async\" class=\"alignnone wp-image-31 img-responsive aligncenter\" src=\"https:\/\/nsrk.dk\/wp-content\/uploads\/2017\/03\/314183_102286386593305_759585233_n-227x300.jpg\" alt=\"\" width=\"99\" height=\"131\" srcset=\"http:\/\/nsrk.dk\/wp-content\/uploads\/2017\/03\/314183_102286386593305_759585233_n-227x300.jpg 227w, http:\/\/nsrk.dk\/wp-content\/uploads\/2017\/03\/314183_102286386593305_759585233_n.jpg 398w\" sizes=\"(max-width: 99px) 100vw, 99px\" \/><\/div>\n<p class=\"p1\"><div class='content-column one_third last_column'><strong>Klubbens form\u00e5l<br \/>\n<\/strong><span class=\"s1\">Er at afholde st\u00e6vner og anden form for konkurrence, festlige arrangementer, udflugter og rytterm\u00e6rker. Ligeledes at v\u00e6re til r\u00e5dighed for klubbens medlemmer og tage imod nye id\u00e9er samt eksekvere disse.<\/span><\/p>\n<p class=\"p1\"><span class=\"s1\">Nyskovens Sports Rideklub er udelukkende bygget p\u00e5 frivilligt arbejdskraft og vi kan altid bruge flere folk.\u00a0<b>Derfor har vi brug for dig&#8230;<br \/>\n<\/b><\/span><span class=\"s1\">Du har mulighed for, at f\u00e5 indflydelse p\u00e5 hvad klubben skal bruge sine resurser p\u00e5. Vi er en klub som bygger p\u00e5 sammenhold og venskaber imellem.<br \/>\n<span style=\"color: #ffffff;\">.<\/span><br \/>\n<span style=\"color: #ffffff;\">.<\/span><\/span><\/p>\n<p class=\"p1\"><span class=\"s1\"><img loading=\"lazy\" decoding=\"async\" class=\"alignnone wp-image-31 img-responsive aligncenter\" src=\"https:\/\/nsrk.dk\/wp-content\/uploads\/2017\/03\/314183_102286386593305_759585233_n-227x300.jpg\" alt=\"\" width=\"99\" height=\"131\" srcset=\"http:\/\/nsrk.dk\/wp-content\/uploads\/2017\/03\/314183_102286386593305_759585233_n-227x300.jpg 227w, http:\/\/nsrk.dk\/wp-content\/uploads\/2017\/03\/314183_102286386593305_759585233_n.jpg 398w\" sizes=\"(max-width: 99px) 100vw, 99px\" \/><\/div><div class='clear_column'><\/div><\/span><\/p>\n","protected":false},"excerpt":{"rendered":"<p>Velkommen til Nyskovens Sportsrideklub<\/p>\n","protected":false},"author":1,"featured_media":0,"parent":0,"menu_order":0,"comment_status":"closed","ping_status":"open","template":"","meta":{"footnotes":""},"class_list":["post-2","page","type-page","status-publish","hentry"],"_links":{"self":[{"href":"http:\/\/nsrk.dk\/index.php?rest_route=\/wp\/v2\/pages\/2"}],"collection":[{"href":"http:\/\/nsrk.dk\/index.php?rest_route=\/wp\/v2\/pages"}],"about":[{"href":"http:\/\/nsrk.dk\/index.php?rest_route=\/wp\/v2\/types\/page"}],"author":[{"embeddable":true,"href":"http:\/\/nsrk.dk\/index.php?rest_route=\/wp\/v2\/users\/1"}],"replies":[{"embeddable":true,"href":"http:\/\/nsrk.dk\/index.php?rest_route=%2Fwp%2Fv2%2Fcomments&post=2"}],"version-history":[{"count":14,"href":"http:\/\/nsrk.dk\/index.php?rest_route=\/wp\/v2\/pages\/2\/revisions"}],"predecessor-version":[{"id":374,"href":"http:\/\/nsrk.dk\/index.php?rest_route=\/wp\/v2\/pages\/2\/revisions\/374"}],"wp:attachment":[{"href":"http:\/\/nsrk.dk\/index.php?rest_route=%2Fwp%2Fv2%2Fmedia&parent=2"}],"curies":[{"name":"wp","href":"https:\/\/api.w.org\/{rel}","templated":true}]}}